CRAN Package Check Results for Package APtools

Last updated on 2021-10-21 07:49:47 CEST.

Flavor Version Tinstall Tcheck Ttotal Status Flags
r-devel-linux-x86_64-debian-clang 6.8.8 9.01 76.24 85.25 NOTE
r-devel-linux-x86_64-debian-gcc 6.8.8 6.82 59.46 66.28 NOTE
r-devel-linux-x86_64-fedora-clang 6.8.8 112.76 NOTE
r-devel-linux-x86_64-fedora-gcc 6.8.8 102.75 NOTE
r-devel-windows-x86_64 6.8.8 12.00 102.00 114.00 OK
r-devel-windows-x86_64-gcc10-UCRT 6.8.8 OK
r-patched-linux-x86_64 6.8.8 9.13 74.35 83.48 NOTE
r-patched-solaris-x86 6.8.8 143.40 NOTE
r-release-linux-x86_64 6.8.8 8.53 75.68 84.21 NOTE
r-release-macos-arm64 6.8.8 OK
r-release-macos-x86_64 6.8.8 OK
r-release-windows-ix86+x86_64 6.8.8 13.00 101.00 114.00 OK
r-oldrel-macos-x86_64 6.8.8 OK
r-oldrel-windows-ix86+x86_64 6.8.8 19.00 100.00 119.00 OK

Check Details

Version: 6.8.8
Check: for non-standard things in the check directory
Result: NOTE
    Found the following files/directories:
     'APBinary_PPV.csv' 'APBinary_TPF.csv'
     'APBinary_ap_summary(method=perturbation,B=1500).csv'
     'APBinary_auc_summary(method=perturbation,B=1500).csv'
     'APSurv_PPV.csv' 'APSurv_TPF.csv'
     'APSurv_ap_summary(method=bootstrap,B=500).csv'
     'APSurv_auc_summary(method=bootstrap,B=500).csv'
     'CompareAP_Binary_dap_summary(method=none).csv'
     'CompareAP_Survival_dap_summary(method=bootstrap,B=500).csv'
Flavors: r-devel-linux-x86_64-debian-clang, r-devel-linux-x86_64-debian-gcc, r-devel-linux-x86_64-fedora-clang, r-devel-linux-x86_64-fedora-gcc, r-patched-linux-x86_64, r-patched-solaris-x86, r-release-linux-x86_64