CRAN Package Check Results for Package BGData

Last updated on 2019-07-16 07:50:37 CEST.

Flavor Version Tinstall Tcheck Ttotal Status Flags
r-devel-linux-x86_64-debian-clang 2.1.0 5.67 54.58 60.25 NOTE
r-devel-linux-x86_64-debian-gcc 2.1.0 4.62 42.06 46.68 NOTE
r-devel-linux-x86_64-fedora-clang 2.1.0 69.62 NOTE
r-devel-linux-x86_64-fedora-gcc 2.1.0 67.76 NOTE
r-devel-windows-ix86+x86_64 2.1.0 21.00 86.00 107.00 OK
r-patched-linux-x86_64 2.1.0 5.59 52.88 58.47 OK
r-patched-solaris-x86 2.1.0 102.10 OK
r-release-linux-x86_64 2.1.0 5.04 52.61 57.65 OK
r-release-windows-ix86+x86_64 2.1.0 13.00 122.00 135.00 OK
r-release-osx-x86_64 2.1.0 OK
r-oldrel-windows-ix86+x86_64 2.1.0 16.00 122.00 138.00 OK
r-oldrel-osx-x86_64 2.1.0 OK

Check Details

Version: 2.1.0
Check: for non-standard things in the check directory
Result: NOTE
    Found the following files/directories:
     'BGData_chr1'
Flavors: r-devel-linux-x86_64-debian-clang, r-devel-linux-x86_64-debian-gcc, r-devel-linux-x86_64-fedora-clang, r-devel-linux-x86_64-fedora-gcc