CRAN Package Check Results for Package Boom

Last updated on 2019-07-16 07:50:38 CEST.

Flavor Version Tinstall Tcheck Ttotal Status Flags
r-devel-linux-x86_64-debian-clang 0.9.1 1871.74 36.53 1908.27 NOTE
r-devel-linux-x86_64-debian-gcc 0.9.1 1413.04 36.61 1449.65 NOTE
r-devel-linux-x86_64-fedora-clang 0.9.1 2663.99 NOTE
r-devel-linux-x86_64-fedora-gcc 0.9.1 2543.35 NOTE
r-devel-windows-ix86+x86_64 0.9.1 1055.00 50.00 1105.00 NOTE
r-patched-linux-x86_64 0.9.1 1879.73 45.08 1924.81 NOTE
r-release-linux-x86_64 0.9.1 1879.21 45.19 1924.40 NOTE
r-release-windows-ix86+x86_64 0.9.1 801.00 80.00 881.00 NOTE
r-release-osx-x86_64 0.9.1 NOTE
r-oldrel-windows-ix86+x86_64 0.9.1 1086.00 63.00 1149.00 NOTE
r-oldrel-osx-x86_64 0.9.1 NOTE

Check Details

Version: 0.9.1
Check: for GNU extensions in Makefiles
Result: NOTE
    GNU make is a SystemRequirements.
Flavors: r-devel-linux-x86_64-debian-clang, r-devel-linux-x86_64-debian-gcc, r-devel-linux-x86_64-fedora-clang, r-devel-linux-x86_64-fedora-gcc, r-devel-windows-ix86+x86_64, r-patched-linux-x86_64, r-release-linux-x86_64, r-release-windows-ix86+x86_64, r-release-osx-x86_64, r-oldrel-windows-ix86+x86_64, r-oldrel-osx-x86_64

Version: 0.9.1
Check: for non-standard things in the check directory
Result: NOTE
    Found the following files/directories:
     'example.data'
Flavors: r-devel-linux-x86_64-debian-clang, r-devel-linux-x86_64-debian-gcc, r-devel-linux-x86_64-fedora-clang, r-devel-linux-x86_64-fedora-gcc

Version: 0.9.1
Check: installed package size
Result: NOTE
     installed size is 390.3Mb
     sub-directories of 1Mb or more:
     include 8.8Mb
     lib 381.1Mb
Flavors: r-devel-linux-x86_64-fedora-clang, r-devel-windows-ix86+x86_64, r-release-windows-ix86+x86_64, r-release-osx-x86_64, r-oldrel-windows-ix86+x86_64, r-oldrel-osx-x86_64