CRAN Package Check Results for Package BoomSpikeSlab

Last updated on 2019-07-16 07:50:38 CEST.

Flavor Version Tinstall Tcheck Ttotal Status Flags
r-devel-linux-x86_64-debian-clang 1.1.1 41.81 50.68 92.49 OK
r-devel-linux-x86_64-debian-gcc 1.1.1 41.13 40.40 81.53 OK
r-devel-linux-x86_64-fedora-clang 1.1.1 122.05 NOTE
r-devel-linux-x86_64-fedora-gcc 1.1.1 129.50 OK
r-devel-windows-ix86+x86_64 1.1.1 183.00 129.00 312.00 NOTE
r-patched-linux-x86_64 1.1.1 49.21 49.84 99.05 OK
r-release-linux-x86_64 1.1.1 49.83 52.36 102.19 OK
r-release-windows-ix86+x86_64 1.1.1 107.00 119.00 226.00 NOTE
r-release-osx-x86_64 1.1.1 NOTE
r-oldrel-windows-ix86+x86_64 1.1.1 153.00 147.00 300.00 NOTE
r-oldrel-osx-x86_64 1.1.1 NOTE

Check Details

Version: 1.1.1
Check: installed package size
Result: NOTE
     installed size is 75.7Mb
     sub-directories of 1Mb or more:
     libs 75.1Mb
Flavors: r-devel-linux-x86_64-fedora-clang, r-devel-windows-ix86+x86_64, r-release-windows-ix86+x86_64, r-release-osx-x86_64, r-oldrel-windows-ix86+x86_64, r-oldrel-osx-x86_64