CRAN Package Check Results for Package CIEE

Last updated on 2021-10-17 19:48:27 CEST.

Flavor Version Tinstall Tcheck Ttotal Status Flags
r-devel-linux-x86_64-debian-clang 0.1.1 3.24 58.84 62.08 NOTE
r-devel-linux-x86_64-debian-gcc 0.1.1 2.66 46.22 48.88 NOTE
r-devel-linux-x86_64-fedora-clang 0.1.1 86.11 NOTE
r-devel-linux-x86_64-fedora-gcc 0.1.1 73.20 NOTE
r-devel-windows-x86_64 0.1.1 7.00 91.00 98.00 NOTE
r-devel-windows-x86_64-gcc10-UCRT 0.1.1 NOTE
r-patched-linux-x86_64 0.1.1 2.88 57.03 59.91 NOTE
r-patched-solaris-x86 0.1.1 97.90 NOTE
r-release-linux-x86_64 0.1.1 3.23 58.16 61.39 NOTE
r-release-macos-arm64 0.1.1 NOTE
r-release-macos-x86_64 0.1.1 NOTE
r-release-windows-ix86+x86_64 0.1.1 5.00 84.00 89.00 NOTE
r-oldrel-macos-x86_64 0.1.1 OK
r-oldrel-windows-ix86+x86_64 0.1.1 7.00 87.00 94.00 OK

Check Details

Version: 0.1.1
Check: LazyData
Result: NOTE
     'LazyData' is specified without a 'data' directory
Flavors: r-devel-linux-x86_64-debian-clang, r-devel-linux-x86_64-debian-gcc, r-devel-linux-x86_64-fedora-clang, r-devel-linux-x86_64-fedora-gcc, r-devel-windows-x86_64, r-devel-windows-x86_64-gcc10-UCRT, r-patched-linux-x86_64, r-patched-solaris-x86, r-release-linux-x86_64, r-release-macos-arm64, r-release-macos-x86_64, r-release-windows-ix86+x86_64