CRAN Package Check Results for Package CommT

Last updated on 2019-07-16 07:50:40 CEST.

Flavor Version Tinstall Tcheck Ttotal Status Flags
r-devel-linux-x86_64-debian-clang 0.1.1 7.32 89.29 96.61 NOTE
r-devel-linux-x86_64-debian-gcc 0.1.1 6.66 66.02 72.68 NOTE
r-devel-linux-x86_64-fedora-clang 0.1.1 108.13 NOTE
r-devel-linux-x86_64-fedora-gcc 0.1.1 103.81 NOTE
r-patched-linux-x86_64 0.1.1 7.99 82.00 89.99 NOTE
r-patched-solaris-x86 0.1.1 177.20 NOTE
r-release-linux-x86_64 0.1.1 8.06 82.54 90.60 NOTE
r-release-osx-x86_64 0.1.1 NOTE
r-oldrel-osx-x86_64 0.1.1 NOTE

Check Details

Version: 0.1.1
Check: R code for possible problems
Result: NOTE
    CommT.anova: no visible global function definition for 'aov'
    CommT.legendpos: no visible global function definition for 'quantile'
    CommT.plotcolors: no visible global function definition for 'hcl'
    Undefined global functions or variables:
     aov hcl quantile
    Consider adding
     importFrom("grDevices", "hcl")
     importFrom("stats", "aov", "quantile")
    to your NAMESPACE file.
Flavors: r-devel-linux-x86_64-debian-clang, r-devel-linux-x86_64-debian-gcc, r-devel-linux-x86_64-fedora-clang, r-devel-linux-x86_64-fedora-gcc, r-patched-linux-x86_64, r-patched-solaris-x86, r-release-linux-x86_64, r-release-osx-x86_64, r-oldrel-osx-x86_64