CRAN Package Check Results for Package DCEtool

Last updated on 2021-10-17 07:50:39 CEST.

Flavor Version Tinstall Tcheck Ttotal Status Flags
r-devel-linux-x86_64-debian-clang 0.3.1 12.25 99.98 112.23 OK
r-devel-linux-x86_64-debian-gcc 0.3.1 9.46 76.13 85.59 OK
r-devel-linux-x86_64-fedora-clang 0.3.1 143.31 NOTE
r-devel-linux-x86_64-fedora-gcc 0.3.1 129.66 NOTE
r-devel-windows-x86_64 0.3.1 19.00 127.00 146.00 OK
r-devel-windows-x86_64-gcc10-UCRT 0.3.1 NOTE
r-patched-linux-x86_64 0.3.1 11.84 94.98 106.82 OK
r-patched-solaris-x86 0.3.1 192.30 NOTE
r-release-linux-x86_64 0.3.1 10.60 94.85 105.45 OK
r-release-macos-arm64 0.3.1 NOTE
r-release-macos-x86_64 0.3.1 NOTE
r-release-windows-ix86+x86_64 0.3.1 31.00 123.00 154.00 OK
r-oldrel-macos-x86_64 0.3.1 NOTE
r-oldrel-windows-ix86+x86_64 0.3.1 28.00 126.00 154.00 OK

Check Details

Version: 0.3.1
Check: dependencies in R code
Result: NOTE
    Namespaces in Imports field not imported from:
     ‘commonmark’ ‘htmltools’ ‘readxl’
     All declared Imports should be used.
Flavors: r-devel-linux-x86_64-fedora-clang, r-devel-linux-x86_64-fedora-gcc, r-devel-windows-x86_64-gcc10-UCRT, r-patched-solaris-x86, r-release-macos-arm64, r-release-macos-x86_64, r-oldrel-macos-x86_64