CRAN Package Check Results for Package DOVE

Last updated on 2021-10-19 07:49:33 CEST.

Flavor Version Tinstall Tcheck Ttotal Status Flags
r-devel-linux-x86_64-debian-clang 1.8 93.24 263.53 356.77 OK
r-devel-linux-x86_64-debian-gcc 1.8 65.64 196.68 262.32 OK
r-devel-linux-x86_64-fedora-clang 1.8 472.32 OK
r-devel-linux-x86_64-fedora-gcc 1.8 439.00 OK
r-devel-windows-x86_64 1.8 112.00 331.00 443.00 OK
r-devel-windows-x86_64-gcc10-UCRT 1.7 OK
r-patched-linux-x86_64 1.8 77.79 251.50 329.29 OK
r-patched-solaris-x86 1.8 231.30 OK
r-release-linux-x86_64 1.8 76.54 248.78 325.32 OK
r-release-macos-arm64 1.7 NOTE
r-release-macos-x86_64 1.8 OK
r-release-windows-ix86+x86_64 1.8 159.00 283.00 442.00 OK
r-oldrel-macos-x86_64 1.8 OK
r-oldrel-windows-ix86+x86_64 1.8 153.00 282.00 435.00 OK

Check Details

Version: 1.7
Check: installed package size
Result: NOTE
     installed size is 5.8Mb
     sub-directories of 1Mb or more:
     libs 5.1Mb
Flavor: r-release-macos-arm64