CRAN Package Check Results for Package EBglmnet

Last updated on 2019-07-16 07:50:43 CEST.

Flavor Version Tinstall Tcheck Ttotal Status Flags
r-devel-linux-x86_64-debian-clang 4.1 12.08 78.20 90.28 OK
r-devel-linux-x86_64-debian-gcc 4.1 8.81 62.30 71.11 OK
r-devel-linux-x86_64-fedora-clang 4.1 111.87 NOTE
r-devel-linux-x86_64-fedora-gcc 4.1 109.98 NOTE
r-devel-windows-ix86+x86_64 4.1 60.00 127.00 187.00 OK
r-patched-linux-x86_64 4.1 9.81 79.06 88.87 OK
r-patched-solaris-x86 4.1 265.90 OK
r-release-linux-x86_64 4.1 9.99 77.87 87.86 OK
r-release-windows-ix86+x86_64 4.1 44.00 102.00 146.00 OK
r-release-osx-x86_64 4.1 OK
r-oldrel-windows-ix86+x86_64 4.1 36.00 124.00 160.00 OK
r-oldrel-osx-x86_64 4.1 OK

Check Details

Version: 4.1
Check: compiled code
Result: NOTE
    File ‘EBglmnet/libs/EBglmnet.so’:
     Found no calls to: ‘R_registerRoutines’, ‘R_useDynamicSymbols’
    
    It is good practice to register native routines and to disable symbol
    search.
    
    See ‘Writing portable packages’ in the ‘Writing R Extensions’ manual.
Flavors: r-devel-linux-x86_64-fedora-clang, r-devel-linux-x86_64-fedora-gcc