CRAN Package Check Results for Package ElemStatLearn

Last updated on 2019-07-16 07:50:43 CEST.

Flavor Version Tinstall Tcheck Ttotal Status Flags
r-devel-linux-x86_64-debian-clang 2015.6.26.1 30.61 36.81 67.42 OK
r-devel-linux-x86_64-debian-gcc 2015.6.26.1 27.88 30.22 58.10 OK
r-devel-linux-x86_64-fedora-clang 2015.6.26.1 89.18 NOTE
r-devel-linux-x86_64-fedora-gcc 2015.6.26.1 87.07 OK
r-devel-windows-ix86+x86_64 2015.6.26.1 51.00 46.00 97.00 NOTE
r-patched-linux-x86_64 2015.6.26.1 30.68 37.06 67.74 OK
r-patched-solaris-x86 2015.6.26.1 170.30 NOTE
r-release-linux-x86_64 2015.6.26.1 30.94 37.61 68.55 OK
r-release-windows-ix86+x86_64 2015.6.26.1 46.00 54.00 100.00 NOTE
r-release-osx-x86_64 2015.6.26.1 NOTE
r-oldrel-windows-ix86+x86_64 2015.6.26.1 52.00 72.00 124.00 NOTE
r-oldrel-osx-x86_64 2015.6.26.1 NOTE

Check Details

Version: 2015.6.26.1
Check: installed package size
Result: NOTE
     installed size is 11.7Mb
     sub-directories of 1Mb or more:
     data 11.5Mb
Flavors: r-devel-linux-x86_64-fedora-clang, r-devel-windows-ix86+x86_64, r-patched-solaris-x86, r-release-windows-ix86+x86_64, r-release-osx-x86_64, r-oldrel-windows-ix86+x86_64, r-oldrel-osx-x86_64