CRAN Package Check Results for Package EnvStats

Last updated on 2019-07-16 07:50:44 CEST.

Flavor Version Tinstall Tcheck Ttotal Status Flags
r-devel-linux-x86_64-debian-clang 2.3.1 54.61 460.56 515.17 OK
r-devel-linux-x86_64-debian-gcc 2.3.1 53.96 343.09 397.05 OK
r-devel-linux-x86_64-fedora-clang 2.3.1 641.17 NOTE
r-devel-linux-x86_64-fedora-gcc 2.3.1 595.17 OK
r-devel-windows-ix86+x86_64 2.3.1 121.00 547.00 668.00 NOTE
r-patched-linux-x86_64 2.3.1 55.61 459.26 514.87 OK
r-patched-solaris-x86 2.3.1 615.40 NOTE
r-release-linux-x86_64 2.3.1 58.58 455.67 514.25 OK
r-release-windows-ix86+x86_64 2.3.1 72.00 550.00 622.00 NOTE
r-release-osx-x86_64 2.3.1 NOTE
r-oldrel-windows-ix86+x86_64 2.3.1 103.00 495.00 598.00 NOTE
r-oldrel-osx-x86_64 2.3.1 NOTE

Check Details

Version: 2.3.1
Check: installed package size
Result: NOTE
     installed size is 9.7Mb
     sub-directories of 1Mb or more:
     R 2.3Mb
     doc 3.3Mb
     help 3.4Mb
Flavors: r-devel-linux-x86_64-fedora-clang, r-devel-windows-ix86+x86_64, r-patched-solaris-x86, r-release-windows-ix86+x86_64, r-release-osx-x86_64, r-oldrel-windows-ix86+x86_64, r-oldrel-osx-x86_64