CRAN Package Check Results for Package FactoClass

Last updated on 2019-07-16 07:50:44 CEST.

Flavor Version Tinstall Tcheck Ttotal Status Flags
r-devel-linux-x86_64-debian-clang 1.2.7 7.89 53.42 61.31 NOTE
r-devel-linux-x86_64-debian-gcc 1.2.7 6.29 41.20 47.49 NOTE
r-devel-linux-x86_64-fedora-clang 1.2.7 75.54 NOTE
r-devel-linux-x86_64-fedora-gcc 1.2.7 67.12 NOTE
r-devel-windows-ix86+x86_64 1.2.7 28.00 133.00 161.00 OK
r-patched-linux-x86_64 1.2.7 6.51 52.65 59.16 OK
r-patched-solaris-x86 1.2.7 103.20 OK
r-release-linux-x86_64 1.2.7 6.85 51.88 58.73 OK
r-release-windows-ix86+x86_64 1.2.7 19.00 138.00 157.00 OK
r-release-osx-x86_64 1.2.7 OK
r-oldrel-windows-ix86+x86_64 1.2.7 19.00 105.00 124.00 OK
r-oldrel-osx-x86_64 1.2.7 OK

Check Details

Version: 1.2.7
Check: for non-standard things in the check directory
Result: NOTE
    Found the following files/directories:
     'Bogota.tex' 'DogBreeds1.tex'
Flavors: r-devel-linux-x86_64-debian-clang, r-devel-linux-x86_64-debian-gcc, r-devel-linux-x86_64-fedora-clang, r-devel-linux-x86_64-fedora-gcc