CRAN Package Check Results for Package FlowCAr

Last updated on 2019-07-16 07:50:45 CEST.

Flavor Version Tinstall Tcheck Ttotal Status Flags
r-devel-linux-x86_64-debian-clang 1.0.0 3.95 43.70 47.65 OK
r-devel-linux-x86_64-debian-gcc 1.0.0 3.40 33.53 36.93 OK
r-devel-linux-x86_64-fedora-clang 1.0.0 58.77 NOTE
r-devel-linux-x86_64-fedora-gcc 1.0.0 54.18 NOTE
r-devel-windows-ix86+x86_64 1.0.0 14.00 89.00 103.00 OK
r-patched-linux-x86_64 1.0.0 4.02 42.55 46.57 OK
r-patched-solaris-x86 1.0.0 87.40 NOTE
r-release-linux-x86_64 1.0.0 3.58 42.95 46.53 OK
r-release-windows-ix86+x86_64 1.0.0 8.00 95.00 103.00 OK
r-release-osx-x86_64 1.0.0 NOTE
r-oldrel-windows-ix86+x86_64 1.0.0 10.00 82.00 92.00 OK
r-oldrel-osx-x86_64 1.0.0 NOTE

Check Details

Version: 1.0.0
Check: dependencies in R code
Result: NOTE
    Namespace in Imports field not imported from: ‘limSolve’
     All declared Imports should be used.
Flavors: r-devel-linux-x86_64-fedora-clang, r-devel-linux-x86_64-fedora-gcc, r-patched-solaris-x86, r-release-osx-x86_64, r-oldrel-osx-x86_64