CRAN Package Check Results for Package GEint

Last updated on 2019-07-16 07:50:46 CEST.

Flavor Version Tinstall Tcheck Ttotal Status Flags
r-devel-linux-x86_64-debian-clang 0.1.5 8.72 151.17 159.89 NOTE
r-devel-linux-x86_64-debian-gcc 0.1.5 7.45 116.21 123.66 NOTE
r-devel-linux-x86_64-fedora-clang 0.1.5 183.57 OK
r-devel-linux-x86_64-fedora-gcc 0.1.5 178.44 OK
r-devel-windows-ix86+x86_64 0.1.5 16.00 206.00 222.00 OK
r-patched-linux-x86_64 0.1.5 7.01 150.66 157.67 OK
r-patched-solaris-x86 0.1.5 250.80 OK
r-release-linux-x86_64 0.1.5 6.82 150.53 157.35 OK
r-release-windows-ix86+x86_64 0.1.5 11.00 203.00 214.00 OK
r-release-osx-x86_64 0.1.5 OK
r-oldrel-windows-ix86+x86_64 0.1.5 12.00 203.00 215.00 OK
r-oldrel-osx-x86_64 0.1.5 OK

Check Details

Version: 0.1.5
Check: package vignettes
Result: NOTE
    Package vignette with placeholder title 'Vignette Title':
     'GEint_example.Rmd'
Flavors: r-devel-linux-x86_64-debian-clang, r-devel-linux-x86_64-debian-gcc