CRAN Package Check Results for Package GIGrvg

Last updated on 2021-11-26 19:52:51 CET.

Flavor Version Tinstall Tcheck Ttotal Status Flags
r-devel-linux-x86_64-debian-clang 0.5 2.27 21.66 23.93 OK
r-devel-linux-x86_64-debian-gcc 0.5 1.96 17.15 19.11 OK
r-devel-linux-x86_64-fedora-clang 0.5 40.96 NOTE
r-devel-linux-x86_64-fedora-gcc 0.5 30.48 OK
r-devel-windows-x86_64-new-UL 0.5 8.00 53.00 61.00 OK
r-devel-windows-x86_64-new-TK 0.5 OK
r-devel-windows-x86_64-old 0.5 5.00 36.00 41.00 OK
r-patched-linux-x86_64 0.5 2.48 20.93 23.41 OK
r-patched-solaris-x86 0.5 46.70 OK
r-release-linux-x86_64 0.5 OK
r-release-macos-arm64 0.5 OK
r-release-macos-x86_64 0.5 OK
r-release-windows-ix86+x86_64 0.5 9.00 46.00 55.00 OK
r-oldrel-macos-x86_64 0.5 OK
r-oldrel-windows-ix86+x86_64 0.5 7.00 44.00 51.00 OK

Check Details

Version: 0.5
Check: Rd cross-references
Result: NOTE
    Undeclared packages ‘Runuran’, ‘ghyp’ in Rd xrefs
Flavor: r-devel-linux-x86_64-fedora-clang