CRAN Package Check Results for Package GJRM

Last updated on 2021-10-17 07:50:43 CEST.

Flavor Version Tinstall Tcheck Ttotal Status Flags
r-devel-linux-x86_64-debian-clang 0.2-5.1 225.36 725.55 950.91 OK
r-devel-linux-x86_64-debian-gcc 0.2-5.1 181.90 514.42 696.32 OK
r-devel-linux-x86_64-fedora-clang 0.2-5.1 1194.07 OK
r-devel-linux-x86_64-fedora-gcc 0.2-5.1 1126.21 OK
r-devel-windows-x86_64 0.2-5.1 332.00 682.00 1014.00 OK
r-devel-windows-x86_64-gcc10-UCRT 0.2-5 NOTE
r-patched-linux-x86_64 0.2-5.1 215.10 711.10 926.20 OK
r-patched-solaris-x86 0.2-5.1 1250.20 OK
r-release-linux-x86_64 0.2-5.1 210.87 708.61 919.48 OK
r-release-macos-arm64 0.2-5 NOTE
r-release-macos-x86_64 0.2-5.1 OK
r-release-windows-ix86+x86_64 0.2-5.1 262.00 470.00 732.00 OK
r-oldrel-macos-x86_64 0.2-5.1 OK
r-oldrel-windows-ix86+x86_64 0.2-5 344.00 653.00 997.00 OK

Check Details

Version: 0.2-5
Check: dependencies in R code
Result: NOTE
    Namespace in Imports field not imported from: 'matrixcalc'
     All declared Imports should be used.
Flavors: r-devel-windows-x86_64-gcc10-UCRT, r-release-macos-arm64