CRAN Package Check Results for Package GSAgm

Last updated on 2021-10-15 19:51:54 CEST.

Flavor Version Tinstall Tcheck Ttotal Status Flags
r-devel-linux-x86_64-debian-clang 1.0 9.18 74.98 84.16 NOTE
r-devel-linux-x86_64-debian-gcc 1.0 6.06 57.74 63.80 NOTE
r-devel-linux-x86_64-fedora-clang 1.0 111.32 NOTE
r-devel-linux-x86_64-fedora-gcc 1.0 99.89 NOTE
r-devel-windows-x86_64 1.0 12.00 74.00 86.00 NOTE
r-devel-windows-x86_64-gcc10-UCRT 1.0 NOTE
r-patched-linux-x86_64 1.0 8.36 73.17 81.53 NOTE
r-patched-solaris-x86 1.0 149.20 NOTE
r-release-linux-x86_64 1.0 8.70 73.73 82.43 NOTE
r-release-macos-arm64 1.0 NOTE
r-release-macos-x86_64 1.0 NOTE
r-release-windows-ix86+x86_64 1.0 19.00 97.00 116.00 NOTE
r-oldrel-macos-x86_64 1.0 NOTE
r-oldrel-windows-ix86+x86_64 1.0 23.00 101.00 124.00 NOTE

Check Details

Version: 1.0
Check: R code for possible problems
Result: NOTE
    PCgamma : <anonymous>: no visible global function definition for
     'prcomp'
    PCgamma : <anonymous> : <anonymous>: no visible global function
     definition for 'glm'
    PCgamma : <anonymous> : <anonymous>: no visible global function
     definition for 'update'
    PCgamma : <anonymous> : <anonymous>: no visible global function
     definition for 'pchisq'
    PCgamma : <anonymous> : <anonymous>: no visible global function
     definition for 'lm'
    PCgamma : <anonymous> : <anonymous>: no visible global function
     definition for 'anova'
    PCgamma: no visible global function definition for 'qgamma'
    PCgamma: no visible global function definition for 'pgamma'
    RNAgamma : rnafunc: no visible global function definition for
     'model.matrix'
    RNAgamma : rnafunc: no visible global function definition for
     'as.formula'
    RNAgamma: no visible global function definition for 'qgamma'
    RNAgamma: no visible global function definition for 'pgamma'
    STTtoShapeParameter : f: no visible global function definition for
     'qgamma'
    STTtoShapeParameter: no visible global function definition for
     'optimize'
    Undefined global functions or variables:
     anova as.formula glm lm model.matrix optimize pchisq pgamma prcomp
     qgamma update
    Consider adding
     importFrom("stats", "anova", "as.formula", "glm", "lm", "model.matrix",
     "optimize", "pchisq", "pgamma", "prcomp", "qgamma",
     "update")
    to your NAMESPACE file.
Flavors: r-devel-linux-x86_64-debian-clang, r-devel-linux-x86_64-debian-gcc, r-devel-linux-x86_64-fedora-clang, r-devel-linux-x86_64-fedora-gcc, r-devel-windows-x86_64, r-devel-windows-x86_64-gcc10-UCRT, r-patched-linux-x86_64, r-patched-solaris-x86, r-release-linux-x86_64, r-release-macos-arm64, r-release-macos-x86_64, r-release-windows-ix86+x86_64, r-oldrel-macos-x86_64, r-oldrel-windows-ix86+x86_64