CRAN Package Check Results for Package GVARX

Last updated on 2019-07-16 07:50:48 CEST.

Flavor Version Tinstall Tcheck Ttotal Status Flags
r-devel-linux-x86_64-debian-clang 1.1 4.81 74.70 79.51 OK
r-devel-linux-x86_64-debian-gcc 1.1 4.25 56.86 61.11 OK
r-devel-linux-x86_64-fedora-clang 1.1 95.80 NOTE
r-devel-linux-x86_64-fedora-gcc 1.1 90.54 NOTE
r-devel-windows-ix86+x86_64 1.1 14.00 128.00 142.00 OK
r-patched-linux-x86_64 1.1 4.63 74.50 79.13 OK
r-patched-solaris-x86 1.1 144.40 NOTE
r-release-linux-x86_64 1.1 5.16 72.52 77.68 OK
r-release-windows-ix86+x86_64 1.1 8.00 122.00 130.00 OK
r-release-osx-x86_64 1.1 NOTE
r-oldrel-windows-ix86+x86_64 1.1 9.00 89.00 98.00 OK
r-oldrel-osx-x86_64 1.1 NOTE

Check Details

Version: 1.1
Check: dependencies in R code
Result: NOTE
    Namespace in Imports field not imported from: ‘urca’
     All declared Imports should be used.
Flavors: r-devel-linux-x86_64-fedora-clang, r-devel-linux-x86_64-fedora-gcc, r-patched-solaris-x86, r-release-osx-x86_64, r-oldrel-osx-x86_64