CRAN Package Check Results for Package HaDeX

Last updated on 2019-07-16 07:50:48 CEST.

Flavor Version Tinstall Tcheck Ttotal Status Flags
r-devel-linux-x86_64-debian-clang 0.1 6.42 93.96 100.38 OK
r-devel-linux-x86_64-debian-gcc 0.1 5.26 71.20 76.46 OK
r-devel-linux-x86_64-fedora-clang 0.1 117.20 NOTE
r-devel-linux-x86_64-fedora-gcc 0.1 110.99 NOTE
r-devel-windows-ix86+x86_64 0.1 23.00 164.00 187.00 OK
r-patched-linux-x86_64 0.1 6.34 91.03 97.37 OK
r-patched-solaris-x86 0.1 127.50 WARN
r-release-linux-x86_64 0.1 6.19 90.77 96.96 OK
r-release-windows-ix86+x86_64 0.1 14.00 152.00 166.00 OK
r-release-osx-x86_64 0.1 WARN
r-oldrel-windows-ix86+x86_64 0.1 18.00 169.00 187.00 OK
r-oldrel-osx-x86_64 0.1 WARN

Check Details

Version: 0.1
Check: dependencies in R code
Result: NOTE
    Namespaces in Imports field not imported from:
     ‘DT’ ‘gsubfn’ ‘stringr’
     All declared Imports should be used.
Flavors: r-devel-linux-x86_64-fedora-clang, r-devel-linux-x86_64-fedora-gcc, r-patched-solaris-x86, r-release-osx-x86_64, r-oldrel-osx-x86_64

Version: 0.1
Check: re-building of vignette outputs
Result: WARN
    Error(s) in re-building vignettes:
     ...
    --- re-building ‘overview.Rmd’ using rmarkdown
    Warning in engine$weave(file, quiet = quiet, encoding = enc) :
     Pandoc (>= 1.12.3) and/or pandoc-citeproc not available. Falling back to R Markdown v1.
    Quitting from lines 39-42 (overview.Rmd)
    Error: processing vignette 'overview.Rmd' failed with diagnostics:
    there is no package called 'webshot'
    --- failed re-building ‘overview.Rmd’
    
    SUMMARY: processing the following file failed:
     ‘overview.Rmd’
    
    Error: Vignette re-building failed.
    Execution halted
Flavor: r-patched-solaris-x86

Version: 0.1
Check: re-building of vignette outputs
Result: WARN
    Error(s) in re-building vignettes:
     ...
    --- re-building ‘overview.Rmd’ using rmarkdown
    Warning in engine$weave(file, quiet = quiet, encoding = enc) :
     Pandoc (>= 1.12.3) and/or pandoc-citeproc not available. Falling back to R Markdown v1.
    Quitting from lines 39-42 (overview.Rmd)
    Error: processing vignette 'overview.Rmd' failed with diagnostics:
    cannot open the connection
    --- failed re-building ‘overview.Rmd’
    
    SUMMARY: processing the following file failed:
     ‘overview.Rmd’
    
    Error: Vignette re-building failed.
    Execution halted
Flavor: r-release-osx-x86_64

Version: 0.1
Check: re-building of vignette outputs
Result: WARN
    Error in re-building vignettes:
     ...
    Warning in engine$weave(file, quiet = quiet, encoding = enc) :
     Pandoc (>= 1.12.3) and/or pandoc-citeproc not available. Falling back to R Markdown v1.
    Quitting from lines 39-42 (overview.Rmd)
    Error: processing vignette 'overview.Rmd' failed with diagnostics:
    cannot open the connection
    Execution halted
Flavor: r-oldrel-osx-x86_64