CRAN Package Check Results for Package JMbayes

Last updated on 2021-10-26 06:50:26 CEST.

Flavor Version Tinstall Tcheck Ttotal Status Flags
r-devel-linux-x86_64-debian-clang 0.8-85 137.82 203.59 341.41 OK
r-devel-linux-x86_64-debian-gcc 0.8-85 122.03 145.52 267.55 OK
r-devel-linux-x86_64-fedora-clang 0.8-85 480.93 NOTE
r-devel-linux-x86_64-fedora-gcc 0.8-85 488.09 OK
r-devel-windows-x86_64 0.8-85 189.00 246.00 435.00 OK
r-devel-windows-x86_64-gcc10-UCRT 0.8-85 OK
r-patched-linux-x86_64 0.8-85 144.36 191.67 336.03 OK
r-patched-solaris-x86 0.8-85 495.90 OK
r-release-linux-x86_64 0.8-85 136.79 189.17 325.96 OK
r-release-macos-arm64 0.8-85 NOTE
r-release-macos-x86_64 0.8-85 NOTE
r-release-windows-ix86+x86_64 0.8-85 248.00 304.00 552.00 OK
r-oldrel-macos-x86_64 0.8-85 NOTE
r-oldrel-windows-ix86+x86_64 0.8-85 339.00 302.00 641.00 OK

Check Details

Version: 0.8-85
Check: installed package size
Result: NOTE
     installed size is 7.9Mb
     sub-directories of 1Mb or more:
     libs 6.7Mb
Flavors: r-devel-linux-x86_64-fedora-clang, r-release-macos-arm64, r-release-macos-x86_64, r-oldrel-macos-x86_64