CRAN Package Check Results for Package JMbayes2

Last updated on 2021-10-26 06:50:26 CEST.

Flavor Version Tinstall Tcheck Ttotal Status Flags
r-devel-linux-x86_64-debian-clang 0.1-8 82.67 121.26 203.93 OK
r-devel-linux-x86_64-debian-gcc 0.1-8 76.54 89.52 166.06 OK
r-devel-linux-x86_64-fedora-clang 0.1-8 290.66 NOTE
r-devel-linux-x86_64-fedora-gcc 0.1-8 295.12 OK
r-devel-windows-x86_64 0.1-8 100.00 156.00 256.00 OK
r-devel-windows-x86_64-gcc10-UCRT 0.1-8 OK
r-patched-linux-x86_64 0.1-8 83.03 115.67 198.70 OK
r-patched-solaris-x86 0.1-8 293.60 OK
r-release-linux-x86_64 0.1-8 88.88 114.56 203.44 OK
r-release-macos-arm64 0.1-8 NOTE
r-release-macos-x86_64 0.1-8 NOTE
r-release-windows-ix86+x86_64 0.1-8 138.00 194.00 332.00 OK
r-oldrel-macos-x86_64 0.1-8 NOTE
r-oldrel-windows-ix86+x86_64 0.1-8 185.00 198.00 383.00 OK

Check Details

Version: 0.1-8
Check: installed package size
Result: NOTE
     installed size is 7.6Mb
     sub-directories of 1Mb or more:
     libs 7.0Mb
Flavors: r-devel-linux-x86_64-fedora-clang, r-release-macos-arm64, r-release-macos-x86_64, r-oldrel-macos-x86_64