CRAN Package Check Results for Package JSM

Last updated on 2021-10-19 07:49:39 CEST.

Flavor Version Tinstall Tcheck Ttotal Status Flags
r-devel-linux-x86_64-debian-clang 1.0.1 240.09 200.19 440.28 OK
r-devel-linux-x86_64-debian-gcc 1.0.1 176.73 147.20 323.93 OK
r-devel-linux-x86_64-fedora-clang 1.0.1 673.53 NOTE
r-devel-linux-x86_64-fedora-gcc 1.0.1 574.24 OK
r-devel-windows-x86_64 1.0.1 325.00 267.00 592.00 OK
r-devel-windows-x86_64-gcc10-UCRT 1.0.1 OK
r-patched-linux-x86_64 1.0.1 213.29 194.82 408.11 OK
r-patched-solaris-x86 1.0.1 684.70 OK
r-release-linux-x86_64 1.0.1 206.65 194.30 400.95 OK
r-release-macos-arm64 1.0.1 NOTE
r-release-macos-x86_64 1.0.1 NOTE
r-release-windows-ix86+x86_64 1.0.1 452.00 422.00 874.00 OK
r-oldrel-macos-x86_64 1.0.1 NOTE
r-oldrel-windows-ix86+x86_64 1.0.1 636.00 426.00 1062.00 OK

Check Details

Version: 1.0.1
Check: installed package size
Result: NOTE
     installed size is 16.0Mb
     sub-directories of 1Mb or more:
     libs 15.5Mb
Flavors: r-devel-linux-x86_64-fedora-clang, r-release-macos-arm64, r-release-macos-x86_64, r-oldrel-macos-x86_64