CRAN Package Check Results for Package LogrankA

Last updated on 2021-10-21 07:50:00 CEST.

Flavor Version Tinstall Tcheck Ttotal Status Flags
r-devel-linux-x86_64-debian-clang 1.0 1.82 20.72 22.54 NOTE
r-devel-linux-x86_64-debian-gcc 1.0 1.51 17.17 18.68 NOTE
r-devel-linux-x86_64-fedora-clang 1.0 38.61 NOTE
r-devel-linux-x86_64-fedora-gcc 1.0 29.17 NOTE
r-devel-windows-x86_64 1.0 3.00 108.00 111.00 NOTE
r-devel-windows-x86_64-gcc10-UCRT 1.0 NOTE
r-patched-linux-x86_64 1.0 1.69 20.61 22.30 NOTE
r-patched-solaris-x86 1.0 48.00 NOTE
r-release-linux-x86_64 1.0 1.66 20.80 22.46 NOTE
r-release-macos-arm64 1.0 NOTE
r-release-macos-x86_64 1.0 NOTE
r-release-windows-ix86+x86_64 1.0 3.00 41.00 44.00 NOTE
r-oldrel-macos-x86_64 1.0 NOTE
r-oldrel-windows-ix86+x86_64 1.0 5.00 39.00 44.00 NOTE

Check Details

Version: 1.0
Check: R code for possible problems
Result: NOTE
    LogrankA: no visible global function definition for 'is.Surv'
    LogrankA: no visible global function definition for 'na.omit'
    LogrankA: no visible global function definition for 'pchisq'
    Undefined global functions or variables:
     is.Surv na.omit pchisq
    Consider adding
     importFrom("stats", "na.omit", "pchisq")
    to your NAMESPACE file.
Flavors: r-devel-linux-x86_64-debian-clang, r-devel-linux-x86_64-debian-gcc, r-devel-linux-x86_64-fedora-clang, r-devel-linux-x86_64-fedora-gcc, r-devel-windows-x86_64, r-devel-windows-x86_64-gcc10-UCRT, r-patched-linux-x86_64, r-patched-solaris-x86, r-release-linux-x86_64, r-release-macos-arm64, r-release-macos-x86_64, r-release-windows-ix86+x86_64, r-oldrel-macos-x86_64, r-oldrel-windows-ix86+x86_64