CRAN Package Check Results for Package MCPModGeneral

Last updated on 2021-10-22 07:51:49 CEST.

Flavor Version Tinstall Tcheck Ttotal Status Flags
r-devel-linux-x86_64-debian-clang 0.1-1 3.62 62.21 65.83 NOTE
r-devel-linux-x86_64-debian-gcc 0.1-1 3.01 48.40 51.41 NOTE
r-devel-linux-x86_64-fedora-clang 0.1-1 91.13 NOTE
r-devel-linux-x86_64-fedora-gcc 0.1-1 85.35 NOTE
r-devel-windows-x86_64 0.1-1 7.00 105.00 112.00 NOTE
r-devel-windows-x86_64-gcc10-UCRT 0.1-1 NOTE
r-patched-linux-x86_64 0.1-1 3.85 60.97 64.82 NOTE
r-patched-solaris-x86 0.1-1 72.30 NOTE
r-release-linux-x86_64 0.1-1 3.35 60.91 64.26 NOTE
r-release-macos-arm64 0.1-1 NOTE
r-release-macos-x86_64 0.1-1 NOTE
r-release-windows-ix86+x86_64 0.1-1 8.00 107.00 115.00 NOTE
r-oldrel-macos-x86_64 0.1-1 OK
r-oldrel-windows-ix86+x86_64 0.1-1 9.00 95.00 104.00 OK

Check Details

Version: 0.1-1
Check: LazyData
Result: NOTE
     'LazyData' is specified without a 'data' directory
Flavors: r-devel-linux-x86_64-debian-clang, r-devel-linux-x86_64-debian-gcc, r-devel-linux-x86_64-fedora-clang, r-devel-linux-x86_64-fedora-gcc, r-devel-windows-x86_64, r-devel-windows-x86_64-gcc10-UCRT, r-patched-linux-x86_64, r-patched-solaris-x86, r-release-linux-x86_64, r-release-macos-arm64, r-release-macos-x86_64, r-release-windows-ix86+x86_64