CRAN Package Check Results for Package MPTinR

Last updated on 2019-07-16 07:50:54 CEST.

Flavor Version Tinstall Tcheck Ttotal Status Flags
r-devel-linux-x86_64-debian-clang 1.11.0 50.65 171.72 222.37 OK
r-devel-linux-x86_64-debian-gcc 1.11.0 44.13 137.29 181.42 OK
r-devel-linux-x86_64-fedora-clang 1.11.0 284.43 NOTE
r-devel-linux-x86_64-fedora-gcc 1.11.0 268.12 OK
r-devel-windows-ix86+x86_64 1.11.0 119.00 278.00 397.00 OK
r-patched-linux-x86_64 1.11.0 49.20 169.82 219.02 OK
r-patched-solaris-x86 1.11.0 309.20 OK
r-release-linux-x86_64 1.11.0 49.90 168.09 217.99 OK
r-release-windows-ix86+x86_64 1.11.0 81.00 258.00 339.00 OK
r-release-osx-x86_64 1.11.0 NOTE
r-oldrel-windows-ix86+x86_64 1.11.0 109.00 262.00 371.00 OK
r-oldrel-osx-x86_64 1.11.0 NOTE

Check Details

Version: 1.11.0
Check: installed package size
Result: NOTE
     installed size is 9.8Mb
     sub-directories of 1Mb or more:
     libs 8.8Mb
Flavors: r-devel-linux-x86_64-fedora-clang, r-release-osx-x86_64, r-oldrel-osx-x86_64