CRAN Package Check Results for Package MRH

Last updated on 2021-10-17 19:48:39 CEST.

Flavor Version Tinstall Tcheck Ttotal Status Flags
r-devel-linux-x86_64-debian-clang 2.2 13.38 87.35 100.73 NOTE
r-devel-linux-x86_64-debian-gcc 2.2 11.03 67.35 78.38 NOTE
r-devel-linux-x86_64-fedora-clang 2.2 136.12 NOTE
r-devel-linux-x86_64-fedora-gcc 2.2 132.05 NOTE
r-devel-windows-x86_64 2.2 22.00 110.00 132.00 OK
r-devel-windows-x86_64-gcc10-UCRT 2.2 OK
r-patched-linux-x86_64 2.2 12.32 85.74 98.06 NOTE
r-patched-solaris-x86 2.2 165.20 NOTE
r-release-linux-x86_64 2.2 15.14 86.11 101.25 NOTE
r-release-macos-arm64 2.2 OK
r-release-macos-x86_64 2.2 OK
r-release-windows-ix86+x86_64 2.2 20.00 140.00 160.00 OK
r-oldrel-macos-x86_64 2.2 OK
r-oldrel-windows-ix86+x86_64 2.2 29.00 134.00 163.00 OK

Check Details

Version: 2.2
Check: for non-standard things in the check directory
Result: NOTE
    Found the following files/directories:
     'MRH_lung'
Flavors: r-devel-linux-x86_64-debian-clang, r-devel-linux-x86_64-debian-gcc, r-devel-linux-x86_64-fedora-clang, r-devel-linux-x86_64-fedora-gcc, r-patched-linux-x86_64, r-patched-solaris-x86, r-release-linux-x86_64

Version: 2.2
Check: compiled code
Result: NOTE
    File ‘MRH/libs/MRH.so’:
     Found no calls to: ‘R_registerRoutines’, ‘R_useDynamicSymbols’
    
    It is good practice to register native routines and to disable symbol
    search.
    
    See ‘Writing portable packages’ in the ‘Writing R Extensions’ manual.
Flavors: r-devel-linux-x86_64-fedora-clang, r-devel-linux-x86_64-fedora-gcc