CRAN Package Check Results for Package MXM

Last updated on 2019-07-16 07:50:55 CEST.

Flavor Version Tinstall Tcheck Ttotal Status Flags
r-devel-linux-x86_64-debian-clang 1.4.4 71.59 453.04 524.63 OK
r-devel-linux-x86_64-debian-gcc 1.4.4 63.21 342.20 405.41 OK
r-devel-linux-x86_64-fedora-clang 1.4.4 657.10 NOTE
r-devel-linux-x86_64-fedora-gcc 1.4.4 644.88 NOTE
r-devel-windows-ix86+x86_64 1.4.4 140.00 634.00 774.00 OK
r-patched-linux-x86_64 1.4.4 69.84 459.84 529.68 OK
r-patched-solaris-x86 1.4.4 781.20 NOTE
r-release-linux-x86_64 1.4.4 67.15 447.51 514.66 OK
r-release-windows-ix86+x86_64 1.4.4 89.00 618.00 707.00 OK
r-release-osx-x86_64 1.4.4 NOTE
r-oldrel-windows-ix86+x86_64 1.4.4 117.00 556.00 673.00 OK
r-oldrel-osx-x86_64 1.4.4 NOTE

Check Details

Version: 1.4.4
Check: dependencies in R code
Result: NOTE
    Namespace in Imports field not imported from: ‘knitr’
     All declared Imports should be used.
Flavors: r-devel-linux-x86_64-fedora-clang, r-devel-linux-x86_64-fedora-gcc, r-patched-solaris-x86, r-release-osx-x86_64, r-oldrel-osx-x86_64