CRAN Package Check Results for Package MatchIt

Last updated on 2021-10-16 19:52:24 CEST.

Flavor Version Tinstall Tcheck Ttotal Status Flags
r-devel-linux-x86_64-debian-clang 4.3.0 61.59 229.45 291.04 NOTE
r-devel-linux-x86_64-debian-gcc 4.3.0 47.42 173.05 220.47 NOTE
r-devel-linux-x86_64-fedora-clang 4.3.0 409.99 NOTE
r-devel-linux-x86_64-fedora-gcc 4.3.0 377.61 NOTE
r-devel-windows-x86_64 4.3.0 73.00 221.00 294.00 NOTE
r-devel-windows-x86_64-gcc10-UCRT 4.3.0 NOTE
r-patched-linux-x86_64 4.3.0 56.81 225.37 282.18 NOTE
r-patched-solaris-x86 4.3.0 201.70 NOTE
r-release-linux-x86_64 4.3.0 56.72 226.25 282.97 NOTE
r-release-macos-arm64 4.3.0 NOTE
r-release-macos-x86_64 4.3.0 NOTE
r-release-windows-ix86+x86_64 4.3.0 156.00 351.00 507.00 NOTE
r-oldrel-macos-x86_64 4.3.0 NOTE
r-oldrel-windows-ix86+x86_64 4.3.0 164.00 342.00 506.00 NOTE

Check Details

Version: 4.3.0
Check: package dependencies
Result: NOTE
    Package suggested but not available for checking: 'gurobi'
Flavors: r-devel-linux-x86_64-debian-clang, r-devel-linux-x86_64-debian-gcc, r-devel-linux-x86_64-fedora-clang, r-devel-linux-x86_64-fedora-gcc, r-devel-windows-x86_64, r-devel-windows-x86_64-gcc10-UCRT, r-patched-linux-x86_64, r-release-linux-x86_64, r-release-macos-arm64, r-release-macos-x86_64, r-release-windows-ix86+x86_64, r-oldrel-macos-x86_64, r-oldrel-windows-ix86+x86_64

Version: 4.3.0
Check: package dependencies
Result: NOTE
    Packages suggested but not available for checking: 'Rsymphony', 'gurobi'
Flavor: r-patched-solaris-x86

Version: 4.3.0
Check: installed package size
Result: NOTE
     installed size is 5.4Mb
     sub-directories of 1Mb or more:
     doc 1.5Mb
     libs 2.9Mb
Flavor: r-release-macos-arm64