CRAN Package Check Results for Package MullerPlot

Last updated on 2019-07-16 07:50:55 CEST.

Flavor Version Tinstall Tcheck Ttotal Status Flags
r-devel-linux-x86_64-debian-clang 0.1.2 2.06 25.92 27.98 NOTE
r-devel-linux-x86_64-debian-gcc 0.1.2 1.89 21.31 23.20 NOTE
r-devel-linux-x86_64-fedora-clang 0.1.2 34.81 OK
r-devel-linux-x86_64-fedora-gcc 0.1.2 33.47 OK
r-devel-windows-ix86+x86_64 0.1.2 8.00 52.00 60.00 OK
r-patched-linux-x86_64 0.1.2 2.08 26.54 28.62 OK
r-patched-solaris-x86 0.1.2 51.90 OK
r-release-linux-x86_64 0.1.2 2.05 26.89 28.94 OK
r-release-windows-ix86+x86_64 0.1.2 5.00 54.00 59.00 OK
r-release-osx-x86_64 0.1.2 OK
r-oldrel-windows-ix86+x86_64 0.1.2 4.00 51.00 55.00 OK
r-oldrel-osx-x86_64 0.1.2 OK

Check Details

Version: 0.1.2
Check: package vignettes
Result: NOTE
    Package vignette with placeholder title 'Vignette Title':
     'MullerPlot.Rmd'
Flavors: r-devel-linux-x86_64-debian-clang, r-devel-linux-x86_64-debian-gcc