CRAN Package Check Results for Package NNMIS

Last updated on 2021-10-25 07:50:24 CEST.

Flavor Version Tinstall Tcheck Ttotal Status Flags
r-devel-linux-x86_64-debian-clang 1.0.1 2.35 29.34 31.69 NOTE
r-devel-linux-x86_64-debian-gcc 1.0.1 2.04 22.73 24.77 NOTE
r-devel-linux-x86_64-fedora-clang 1.0.1 51.60 NOTE
r-devel-linux-x86_64-fedora-gcc 1.0.1 38.99 NOTE
r-devel-windows-x86_64 1.0.1 6.00 36.00 42.00 NOTE
r-devel-windows-x86_64-gcc10-UCRT 1.0.1 NOTE
r-patched-linux-x86_64 1.0.1 2.30 29.00 31.30 NOTE
r-patched-solaris-x86 1.0.1 57.90 NOTE
r-release-linux-x86_64 1.0.1 2.64 28.70 31.34 NOTE
r-release-macos-arm64 1.0.1 NOTE
r-release-macos-x86_64 1.0.1 NOTE
r-release-windows-ix86+x86_64 1.0.1 4.00 45.00 49.00 NOTE
r-oldrel-macos-x86_64 1.0.1 OK
r-oldrel-windows-ix86+x86_64 1.0.1 6.00 49.00 55.00 OK

Check Details

Version: 1.0.1
Check: LazyData
Result: NOTE
     'LazyData' is specified without a 'data' directory
Flavors: r-devel-linux-x86_64-debian-clang, r-devel-linux-x86_64-debian-gcc, r-devel-linux-x86_64-fedora-clang, r-devel-linux-x86_64-fedora-gcc, r-devel-windows-x86_64, r-devel-windows-x86_64-gcc10-UCRT, r-patched-linux-x86_64, r-patched-solaris-x86, r-release-linux-x86_64, r-release-macos-arm64, r-release-macos-x86_64, r-release-windows-ix86+x86_64