CRAN Package Check Results for Package NPflow

Last updated on 2019-07-16 07:50:56 CEST.

Flavor Version Tinstall Tcheck Ttotal Status Flags
r-devel-linux-x86_64-debian-clang 0.13.1 207.42 104.23 311.65 NOTE
r-devel-linux-x86_64-debian-gcc 0.13.1 175.61 78.68 254.29 NOTE
r-devel-linux-x86_64-fedora-clang 0.13.1 464.58 NOTE
r-devel-linux-x86_64-fedora-gcc 0.13.1 458.14 NOTE
r-devel-windows-ix86+x86_64 0.13.1 562.00 244.00 806.00 OK
r-patched-linux-x86_64 0.13.1 207.89 101.90 309.79 NOTE
r-patched-solaris-x86 0.13.1 444.00 OK
r-release-linux-x86_64 0.13.1 206.33 101.33 307.66 NOTE
r-release-windows-ix86+x86_64 0.13.1 397.00 273.00 670.00 OK
r-release-osx-x86_64 0.13.1 NOTE
r-oldrel-windows-ix86+x86_64 0.13.1 537.00 243.00 780.00 OK
r-oldrel-osx-x86_64 0.13.1 OK

Check Details

Version: 0.13.1
Check: use of SHLIB_OPENMP_*FLAGS in Makefiles
Result: NOTE
     src/Makevars: SHLIB_OPENMP_CXXFLAGS is included in PKG_CXXFLAGS but not in PKG_LIBS
     src/Makevars: SHLIB_OPENMP_CFLAGS is included in PKG_LIBS but linking is by C++
     src/Makevars.win: SHLIB_OPENMP_CXXFLAGS is included in PKG_CXXFLAGS but not in PKG_LIBS
     src/Makevars.win: SHLIB_OPENMP_CFLAGS is included in PKG_LIBS but linking is by C++
    Use of these macros is discussed in sect 1.2.1.1 of 'Writing R
    Extensions'. The macros for different languages may differ so the
    matching macro must be used in PKG_CXXFLAGS (etc) and match that used
    in PKG_LIBS (except for Fortran: see the manual).
Flavors: r-devel-linux-x86_64-debian-clang, r-devel-linux-x86_64-debian-gcc, r-devel-linux-x86_64-fedora-clang, r-devel-linux-x86_64-fedora-gcc, r-patched-linux-x86_64, r-release-linux-x86_64

Version: 0.13.1
Check: installed package size
Result: NOTE
     installed size is 8.0Mb
     sub-directories of 1Mb or more:
     libs 7.3Mb
Flavors: r-devel-linux-x86_64-fedora-clang, r-release-osx-x86_64