CRAN Package Check Results for Package PBIR

Last updated on 2021-10-25 07:50:26 CEST.

Flavor Version Tinstall Tcheck Ttotal Status Flags
r-devel-linux-x86_64-debian-clang 0.1-0 7.40 71.97 79.37 NOTE
r-devel-linux-x86_64-debian-gcc 0.1-0 5.49 57.75 63.24 NOTE
r-devel-linux-x86_64-fedora-clang 0.1-0 105.52 NOTE
r-devel-linux-x86_64-fedora-gcc 0.1-0 96.00 NOTE
r-devel-windows-x86_64 0.1-0 12.00 105.00 117.00 NOTE
r-devel-windows-x86_64-gcc10-UCRT 0.1-0 NOTE
r-patched-linux-x86_64 0.1-0 6.95 70.72 77.67 NOTE
r-patched-solaris-x86 0.1-0 137.20 NOTE
r-release-linux-x86_64 0.1-0 6.79 70.63 77.42 NOTE
r-release-macos-arm64 0.1-0 NOTE
r-release-macos-x86_64 0.1-0 NOTE
r-release-windows-ix86+x86_64 0.1-0 12.00 100.00 112.00 NOTE
r-oldrel-macos-x86_64 0.1-0 OK
r-oldrel-windows-ix86+x86_64 0.1-0 17.00 103.00 120.00 OK

Check Details

Version: 0.1-0
Check: LazyData
Result: NOTE
     'LazyData' is specified without a 'data' directory
Flavors: r-devel-linux-x86_64-debian-clang, r-devel-linux-x86_64-debian-gcc, r-devel-linux-x86_64-fedora-clang, r-devel-linux-x86_64-fedora-gcc, r-devel-windows-x86_64, r-devel-windows-x86_64-gcc10-UCRT, r-patched-linux-x86_64, r-patched-solaris-x86, r-release-linux-x86_64, r-release-macos-arm64, r-release-macos-x86_64, r-release-windows-ix86+x86_64