CRAN Package Check Results for Package PDN

Last updated on 2021-10-17 19:48:41 CEST.

Flavor Version Tinstall Tcheck Ttotal Status Flags
r-devel-linux-x86_64-debian-clang 0.1.0 10.12 148.18 158.30 OK
r-devel-linux-x86_64-debian-gcc 0.1.0 8.09 112.19 120.28 OK
r-devel-linux-x86_64-fedora-clang 0.1.0 193.55 NOTE
r-devel-linux-x86_64-fedora-gcc 0.1.0 189.46 NOTE
r-devel-windows-x86_64 0.1.0 15.00 179.00 194.00 OK
r-devel-windows-x86_64-gcc10-UCRT 0.1.0 NOTE
r-patched-linux-x86_64 0.1.0 9.12 138.10 147.22 OK
r-patched-solaris-x86 0.1.0 243.90 NOTE
r-release-linux-x86_64 0.1.0 9.95 139.60 149.55 OK
r-release-macos-arm64 0.1.0 NOTE
r-release-macos-x86_64 0.1.0 NOTE
r-release-windows-ix86+x86_64 0.1.0 23.00 171.00 194.00 OK
r-oldrel-macos-x86_64 0.1.0 NOTE
r-oldrel-windows-ix86+x86_64 0.1.0 23.00 176.00 199.00 OK

Check Details

Version: 0.1.0
Check: dependencies in R code
Result: NOTE
    Namespace in Imports field not imported from: ‘glmnet’
     All declared Imports should be used.
Flavors: r-devel-linux-x86_64-fedora-clang, r-devel-linux-x86_64-fedora-gcc, r-devel-windows-x86_64-gcc10-UCRT, r-patched-solaris-x86, r-release-macos-arm64, r-release-macos-x86_64, r-oldrel-macos-x86_64