CRAN Package Check Results for Package PenCoxFrail

Last updated on 2021-10-17 19:48:41 CEST.

Flavor Version Tinstall Tcheck Ttotal Status Flags
r-devel-linux-x86_64-debian-clang 1.0.1 34.05 68.04 102.09 OK
r-devel-linux-x86_64-debian-gcc 1.0.1 28.57 53.32 81.89 OK
r-devel-linux-x86_64-fedora-clang 1.0.1 154.82 NOTE
r-devel-linux-x86_64-fedora-gcc 1.0.1 136.56 NOTE
r-devel-windows-x86_64 1.0.1 50.00 100.00 150.00 OK
r-devel-windows-x86_64-gcc10-UCRT 1.0.1 OK
r-patched-linux-x86_64 1.0.1 30.03 66.47 96.50 OK
r-patched-solaris-x86 1.0.1 161.30 OK
r-release-linux-x86_64 1.0.1 28.84 65.87 94.71 OK
r-release-macos-arm64 1.0.1 OK
r-release-macos-x86_64 1.0.1 OK
r-release-windows-ix86+x86_64 1.0.1 65.00 130.00 195.00 OK
r-oldrel-macos-x86_64 1.0.1 OK
r-oldrel-windows-ix86+x86_64 1.0.1 89.00 121.00 210.00 OK

Check Details

Version: 1.0.1
Check: compiled code
Result: NOTE
    File ‘PenCoxFrail/libs/PenCoxFrail.so’:
     Found no calls to: ‘R_registerRoutines’, ‘R_useDynamicSymbols’
    
    It is good practice to register native routines and to disable symbol
    search.
    
    See ‘Writing portable packages’ in the ‘Writing R Extensions’ manual.
Flavors: r-devel-linux-x86_64-fedora-clang, r-devel-linux-x86_64-fedora-gcc