CRAN Package Check Results for Package Phase123

Last updated on 2021-10-25 07:50:26 CEST.

Flavor Version Tinstall Tcheck Ttotal Status Flags
r-devel-linux-x86_64-debian-clang 2.1 49.54 71.97 121.51 NOTE
r-devel-linux-x86_64-debian-gcc 2.1 32.25 54.51 86.76 NOTE
r-devel-linux-x86_64-fedora-clang 2.1 169.27 NOTE
r-devel-linux-x86_64-fedora-gcc 2.1 149.78 NOTE
r-devel-windows-x86_64 2.1 57.00 87.00 144.00 NOTE
r-devel-windows-x86_64-gcc10-UCRT 2.1 NOTE
r-patched-linux-x86_64 2.1 35.74 69.67 105.41 NOTE
r-patched-solaris-x86 2.1 188.20 NOTE
r-release-linux-x86_64 2.1 39.56 69.24 108.80 NOTE
r-release-macos-arm64 2.1 NOTE
r-release-macos-x86_64 2.1 NOTE
r-release-windows-ix86+x86_64 2.1 75.00 150.00 225.00 NOTE
r-oldrel-macos-x86_64 2.1 OK
r-oldrel-windows-ix86+x86_64 2.1 106.00 150.00 256.00 OK

Check Details

Version: 2.1
Check: LazyData
Result: NOTE
     'LazyData' is specified without a 'data' directory
Flavors: r-devel-linux-x86_64-debian-clang, r-devel-linux-x86_64-debian-gcc, r-devel-linux-x86_64-fedora-clang, r-devel-linux-x86_64-fedora-gcc, r-devel-windows-x86_64, r-devel-windows-x86_64-gcc10-UCRT, r-patched-linux-x86_64, r-patched-solaris-x86, r-release-linux-x86_64, r-release-macos-arm64, r-release-macos-x86_64, r-release-windows-ix86+x86_64