CRAN Package Check Results for Package PlackettLuce

Last updated on 2021-10-27 07:56:16 CEST.

Flavor Version Tinstall Tcheck Ttotal Status Flags
r-devel-linux-x86_64-debian-clang 0.4.1 18.70 402.13 420.83 OK
r-devel-linux-x86_64-debian-gcc 0.4.1 16.06 278.49 294.55 OK
r-devel-linux-x86_64-fedora-clang 0.4.1 514.34 OK
r-devel-linux-x86_64-fedora-gcc 0.4.1 494.92 OK
r-devel-windows-x86_64 0.4.1 29.00 475.00 504.00 OK
r-devel-windows-x86_64-gcc10-UCRT 0.4.1 OK
r-patched-linux-x86_64 0.4.1 23.02 385.19 408.21 OK
r-patched-solaris-x86 0.4.1 582.80 OK
r-release-linux-x86_64 0.4.1 17.90 381.21 399.11 OK
r-release-macos-arm64 0.4.1 NOTE
r-release-macos-x86_64 0.4.1 OK
r-release-windows-ix86+x86_64 0.4.1 30.00 328.00 358.00 OK
r-oldrel-macos-x86_64 0.4.1 OK
r-oldrel-windows-ix86+x86_64 0.4.1 40.00 468.00 508.00 OK

Check Details

Version: 0.4.1
Check: package dependencies
Result: NOTE
    Package suggested but not available for checking: ‘BiocStyle’
Flavor: r-release-macos-arm64