CRAN Package Check Results for Package Plasmode

Last updated on 2019-07-16 07:50:58 CEST.

Flavor Version Tinstall Tcheck Ttotal Status Flags
r-devel-linux-x86_64-debian-clang 0.1.0 7.97 58.50 66.47 OK
r-devel-linux-x86_64-debian-gcc 0.1.0 5.86 47.62 53.48 OK
r-devel-linux-x86_64-fedora-clang 0.1.0 78.70 NOTE
r-devel-linux-x86_64-fedora-gcc 0.1.0 78.04 NOTE
r-devel-windows-ix86+x86_64 0.1.0 22.00 98.00 120.00 OK
r-patched-linux-x86_64 0.1.0 9.12 58.12 67.24 OK
r-patched-solaris-x86 0.1.0 125.30 NOTE
r-release-linux-x86_64 0.1.0 8.00 58.01 66.01 OK
r-release-windows-ix86+x86_64 0.1.0 15.00 96.00 111.00 OK
r-release-osx-x86_64 0.1.0 NOTE
r-oldrel-windows-ix86+x86_64 0.1.0 12.00 86.00 98.00 OK
r-oldrel-osx-x86_64 0.1.0 NOTE

Check Details

Version: 0.1.0
Check: dependencies in R code
Result: NOTE
    Namespaces in Imports field not imported from:
     ‘MASS’ ‘Matrix’ ‘RColorBrewer’ ‘arm’ ‘epiDisplay’ ‘foreign’ ‘gbm’
     ‘grid’ ‘lattice’ ‘latticeExtra’ ‘lme4’ ‘nnet’ ‘parallel’ ‘splines’
     ‘survey’ ‘twang’ ‘xtable’
     All declared Imports should be used.
Flavors: r-devel-linux-x86_64-fedora-clang, r-devel-linux-x86_64-fedora-gcc, r-patched-solaris-x86, r-release-osx-x86_64, r-oldrel-osx-x86_64