CRAN Package Check Results for Package QZ

Last updated on 2019-07-16 07:51:00 CEST.

Flavor Version Tinstall Tcheck Ttotal Status Flags
r-devel-linux-x86_64-debian-clang 0.1-7 10.81 67.54 78.35 OK
r-devel-linux-x86_64-debian-gcc 0.1-7 8.69 54.48 63.17 OK
r-devel-linux-x86_64-fedora-clang 0.1-7 95.78 OK
r-devel-linux-x86_64-fedora-gcc 0.1-7 92.54 OK
r-devel-windows-ix86+x86_64 0.1-7 48.00 100.00 148.00 OK
r-patched-linux-x86_64 0.1-7 9.69 66.47 76.16 OK
r-patched-solaris-x86 0.1-7 156.70 OK
r-release-linux-x86_64 0.1-7 10.33 66.32 76.65 OK
r-release-windows-ix86+x86_64 0.1-7 37.00 134.00 171.00 OK
r-release-osx-x86_64 0.1-7 OK
r-oldrel-windows-ix86+x86_64 0.1-6 68.00 135.00 203.00 OK
r-oldrel-osx-x86_64 0.1-7 ERROR

Additional issues

LTO

Check Details

Version: 0.1-7
Check: whether package can be installed
Result: ERROR
    Installation failed.
Flavor: r-oldrel-osx-x86_64