CRAN Package Check Results for Package Qtools

Last updated on 2019-07-16 07:51:00 CEST.

Flavor Version Tinstall Tcheck Ttotal Status Flags
r-devel-linux-x86_64-debian-clang 1.4.1 31.93 123.28 155.21 OK
r-devel-linux-x86_64-debian-gcc 1.4.1 29.07 99.02 128.09 OK
r-devel-linux-x86_64-fedora-clang 1.4.1 207.82 OK
r-devel-linux-x86_64-fedora-gcc 1.4.1 196.64 OK
r-devel-windows-ix86+x86_64 1.4.1 80.00 233.00 313.00 OK
r-patched-linux-x86_64 1.4.1 31.30 122.13 153.43 OK
r-patched-solaris-x86 1.4.1 248.90 WARN
r-release-linux-x86_64 1.4 34.53 121.73 156.26 OK
r-release-windows-ix86+x86_64 1.4 65.00 186.00 251.00 OK
r-release-osx-x86_64 1.4.1 WARN
r-oldrel-windows-ix86+x86_64 1.4.1 50.00 166.00 216.00 OK
r-oldrel-osx-x86_64 1.4.1 WARN

Check Details

Version: 1.4.1
Check: re-building of vignette outputs
Result: WARN
    Error(s) in re-building vignettes:
     ...
    --- re-building ‘Qtools.Rmd’ using rmarkdown
    Warning in engine$weave(file, quiet = quiet, encoding = enc) :
     Pandoc (>= 1.12.3) and/or pandoc-citeproc not available. Falling back to R Markdown v1.
    Quitting from lines 124-146 (Qtools.Rmd)
    Error: processing vignette 'Qtools.Rmd' failed with diagnostics:
    argument is of length zero
    --- failed re-building ‘Qtools.Rmd’
    
    SUMMARY: processing the following file failed:
     ‘Qtools.Rmd’
    
    Error: Vignette re-building failed.
    Execution halted
Flavors: r-patched-solaris-x86, r-release-osx-x86_64

Version: 1.4.1
Check: re-building of vignette outputs
Result: WARN
    Error in re-building vignettes:
     ...
    Warning in engine$weave(file, quiet = quiet, encoding = enc) :
     Pandoc (>= 1.12.3) and/or pandoc-citeproc not available. Falling back to R Markdown v1.
    Quitting from lines 124-146 (Qtools.Rmd)
    Error: processing vignette 'Qtools.Rmd' failed with diagnostics:
    argument is of length zero
    Execution halted
Flavor: r-oldrel-osx-x86_64