CRAN Package Check Results for Package QuantumClone

Last updated on 2019-07-16 07:51:00 CEST.

Flavor Version Tinstall Tcheck Ttotal Status Flags
r-devel-linux-x86_64-debian-clang 1.0.0.6 9.93 121.71 131.64 NOTE
r-devel-linux-x86_64-debian-gcc 1.0.0.6 8.93 92.55 101.48 NOTE
r-devel-linux-x86_64-fedora-clang 1.0.0.6 151.97 NOTE
r-devel-linux-x86_64-fedora-gcc 1.0.0.6 146.81 NOTE
r-devel-windows-ix86+x86_64 1.0.0.6 35.00 179.00 214.00 OK
r-patched-linux-x86_64 1.0.0.6 8.84 119.21 128.05 OK
r-patched-solaris-x86 1.0.0.6 218.80 OK
r-release-linux-x86_64 1.0.0.6 7.77 118.20 125.97 OK
r-release-windows-ix86+x86_64 1.0.0.6 21.00 181.00 202.00 OK
r-release-osx-x86_64 1.0.0.6 OK
r-oldrel-windows-ix86+x86_64 1.0.0.6 22.00 165.00 187.00 OK
r-oldrel-osx-x86_64 1.0.0.6 OK

Check Details

Version: 1.0.0.6
Check: for non-standard things in the check directory
Result: NOTE
    Found the following files/directories:
     'Example'
Flavors: r-devel-linux-x86_64-debian-clang, r-devel-linux-x86_64-debian-gcc, r-devel-linux-x86_64-fedora-clang, r-devel-linux-x86_64-fedora-gcc