CRAN Package Check Results for Package R.temis

Last updated on 2021-05-06 19:49:06 CEST.

Flavor Version Tinstall Tcheck Ttotal Status Flags
r-devel-linux-x86_64-debian-clang 0.1.2 7.68 86.39 94.07 NOTE
r-devel-linux-x86_64-debian-gcc 0.1.2 6.35 63.97 70.32 NOTE
r-devel-linux-x86_64-fedora-clang 0.1.2 123.52 NOTE
r-devel-linux-x86_64-fedora-gcc 0.1.2 108.12 NOTE
r-devel-windows-ix86+x86_64 0.1.2 23.00 112.00 135.00 NOTE
r-devel-windows-x86_64-gcc10-UCRT 0.1.2 NOTE
r-patched-linux-x86_64 0.1.2 14.52 81.12 95.64 NOTE
r-patched-solaris-x86 0.1.2 161.00 NOTE
r-release-linux-x86_64 0.1.2 8.56 80.82 89.38 OK
r-release-macos-x86_64 0.1.2 NOTE
r-release-windows-ix86+x86_64 0.1.2 15.00 94.00 109.00 OK
r-oldrel-macos-x86_64 0.1.2 NOTE
r-oldrel-windows-ix86+x86_64 0.1.2 17.00 106.00 123.00 OK

Check Details

Version: 0.1.2
Check: LazyData
Result: NOTE
     'LazyData' is specified without a 'data' directory
Flavors: r-devel-linux-x86_64-debian-clang, r-devel-linux-x86_64-debian-gcc, r-devel-linux-x86_64-fedora-clang, r-devel-linux-x86_64-fedora-gcc, r-devel-windows-ix86+x86_64, r-devel-windows-x86_64-gcc10-UCRT, r-patched-linux-x86_64

Version: 0.1.2
Check: dependencies in R code
Result: NOTE
    Namespace in Imports field not imported from: ‘testthat’
     All declared Imports should be used.
Flavors: r-devel-linux-x86_64-fedora-clang, r-devel-linux-x86_64-fedora-gcc, r-devel-windows-x86_64-gcc10-UCRT, r-patched-solaris-x86, r-release-macos-x86_64, r-oldrel-macos-x86_64