CRAN Package Check Results for Package R2admb

Last updated on 2019-07-16 07:51:00 CEST.

Flavor Version Tinstall Tcheck Ttotal Status Flags
r-devel-linux-x86_64-debian-clang 0.7.16 3.62 50.64 54.26 OK
r-devel-linux-x86_64-debian-gcc 0.7.16 3.59 41.39 44.98 OK
r-devel-linux-x86_64-fedora-clang 0.7.16 66.64 OK
r-devel-linux-x86_64-fedora-gcc 0.7.16 64.60 OK
r-devel-windows-ix86+x86_64 0.7.16 10.00 81.00 91.00 OK
r-patched-linux-x86_64 0.7.16 4.11 59.37 63.48 OK
r-patched-solaris-x86 0.7.16 85.70 OK
r-release-linux-x86_64 0.7.16 4.07 59.03 63.10 OK
r-release-windows-ix86+x86_64 0.7.16 6.00 83.00 89.00 OK
r-release-osx-x86_64 0.7.16 WARN
r-oldrel-windows-ix86+x86_64 0.7.16 11.00 79.00 90.00 OK
r-oldrel-osx-x86_64 0.7.16 OK

Check Details

Version: 0.7.16
Check: re-building of vignette outputs
Result: WARN
    Error(s) in re-building vignettes:
     ...
    --- re-building ‘R2admb.Rnw’ using knitr
    Error: processing vignette 'R2admb.Rnw' failed with diagnostics:
    there is no package called 'stringi'
    --- failed re-building ‘R2admb.Rnw’
    
    SUMMARY: processing the following file failed:
     ‘R2admb.Rnw’
    
    Error: Vignette re-building failed.
    Execution halted
Flavor: r-release-osx-x86_64