CRAN Package Check Results for Package RABR

Last updated on 2021-10-26 06:50:34 CEST.

Flavor Version Tinstall Tcheck Ttotal Status Flags
r-devel-linux-x86_64-debian-clang 0.1.0 2.66 43.41 46.07 OK
r-devel-linux-x86_64-debian-gcc 0.1.0 2.14 33.83 35.97 OK
r-devel-linux-x86_64-fedora-clang 0.1.0 66.88 NOTE
r-devel-linux-x86_64-fedora-gcc 0.1.0 54.54 NOTE
r-devel-windows-x86_64 0.1.0 6.00 647.00 653.00 OK
r-devel-windows-x86_64-gcc10-UCRT 0.1.0 NOTE
r-patched-linux-x86_64 0.1.0 2.83 41.91 44.74 OK
r-patched-solaris-x86 0.1.0 141.40 NOTE
r-release-linux-x86_64 0.1.0 2.74 41.49 44.23 OK
r-release-macos-arm64 0.1.0 NOTE
r-release-macos-x86_64 0.1.0 NOTE
r-release-windows-ix86+x86_64 0.1.0 5.00 618.00 623.00 OK
r-oldrel-macos-x86_64 0.1.0 NOTE
r-oldrel-windows-ix86+x86_64 0.1.0 8.00 623.00 631.00 OK

Check Details

Version: 0.1.0
Check: dependencies in R code
Result: NOTE
    Namespaces in Imports field not imported from:
     ‘asd’ ‘cubature’ ‘data.table’ ‘ggplot2’ ‘multxpert’ ‘survival’
     All declared Imports should be used.
Flavors: r-devel-linux-x86_64-fedora-clang, r-devel-linux-x86_64-fedora-gcc, r-devel-windows-x86_64-gcc10-UCRT, r-patched-solaris-x86, r-release-macos-arm64, r-release-macos-x86_64, r-oldrel-macos-x86_64