CRAN Package Check Results for Package RAPTOR

Last updated on 2019-07-16 07:51:00 CEST.

Flavor Version Tinstall Tcheck Ttotal Status Flags
r-devel-linux-x86_64-debian-clang 1.0.0 9.15 64.10 73.25 OK
r-devel-linux-x86_64-debian-gcc 1.0.0 8.42 52.28 60.70 OK
r-devel-linux-x86_64-fedora-clang 1.0.0 87.80 OK
r-devel-linux-x86_64-fedora-gcc 1.0.0 86.45 OK
r-devel-windows-ix86+x86_64 1.0.0 22.00 73.00 95.00 OK
r-patched-linux-x86_64 1.0.0 9.14 65.16 74.30 NOTE
r-patched-solaris-x86 1.0.0 141.60 OK
r-release-linux-x86_64 1.0.0 8.99 64.90 73.89 NOTE
r-release-windows-ix86+x86_64 1.0.0 14.00 104.00 118.00 OK
r-release-osx-x86_64 1.0.0 OK
r-oldrel-windows-ix86+x86_64 1.0.0 14.00 102.00 116.00 OK
r-oldrel-osx-x86_64 1.0.0 OK

Check Details

Version: 1.0.0
Check: DESCRIPTION meta-information
Result: NOTE
    Dependence on R version ‘3.4.2’ not with patchlevel 0
Flavors: r-patched-linux-x86_64, r-release-linux-x86_64