CRAN Package Check Results for Package RCzechia

Last updated on 2019-07-16 07:51:01 CEST.

Flavor Version Tinstall Tcheck Ttotal Status Flags
r-devel-linux-x86_64-debian-clang 1.4.1 2.34 118.65 120.99 ERROR
r-devel-linux-x86_64-debian-gcc 1.4.1 1.93 89.25 91.18 OK
r-devel-linux-x86_64-fedora-clang 1.4.1 151.92 OK
r-devel-linux-x86_64-fedora-gcc 1.4.1 142.14 OK
r-devel-windows-ix86+x86_64 1.4.1 7.00 236.00 243.00 OK
r-patched-linux-x86_64 1.4.1 2.37 113.71 116.08 OK
r-patched-solaris-x86 1.4.1 282.60 OK
r-release-linux-x86_64 1.4.1 2.22 116.37 118.59 OK
r-release-windows-ix86+x86_64 1.4.1 6.00 234.00 240.00 OK
r-release-osx-x86_64 1.4.1 OK
r-oldrel-windows-ix86+x86_64 1.4.1 7.00 228.00 235.00 OK
r-oldrel-osx-x86_64 1.4.1 OK

Check Details

Version: 1.4.1
Check: examples
Result: ERROR
    Running examples in 'RCzechia-Ex.R' failed
    The error most likely occurred in:
    
    > base::assign(".ptime", proc.time(), pos = "CheckExEnv")
    > ### Name: geocode
    > ### Title: Geocode a Czech Address
    > ### Aliases: geocode
    >
    > ### ** Examples
    >
    > <ERROR: re-encoding failure from encoding 'UTF-8'>
    asdf <- geocode("Pod sídlišt...
    + print(asdf)
    +
    +
    +
    +
    + base::assign(".dptime", (proc.time() - get(".ptime", pos = "CheckExEnv")), pos = "CheckExEnv")
    Error: unexpected symbol in:
    "
    base::assign(".dptime"
    Execution halted
Flavor: r-devel-linux-x86_64-debian-clang