CRAN Package Check Results for Package RDS

Last updated on 2019-07-16 07:51:01 CEST.

Flavor Version Tinstall Tcheck Ttotal Status Flags
r-devel-linux-x86_64-debian-clang 0.9-0 24.12 162.16 186.28 OK
r-devel-linux-x86_64-debian-gcc 0.9-0 17.23 124.36 141.59 OK
r-devel-linux-x86_64-fedora-clang 0.9-0 220.05 OK
r-devel-linux-x86_64-fedora-gcc 0.9-0 210.85 OK
r-devel-windows-ix86+x86_64 0.9-0 74.00 323.00 397.00 OK
r-patched-linux-x86_64 0.9-0 24.59 158.46 183.05 OK
r-patched-solaris-x86 0.9-0 337.50 OK
r-release-linux-x86_64 0.9-0 22.03 160.44 182.47 OK
r-release-windows-ix86+x86_64 0.9-0 47.00 328.00 375.00 OK
r-release-osx-x86_64 0.9-0 OK
r-oldrel-windows-ix86+x86_64 0.9-0 51.00 299.00 350.00 OK
r-oldrel-osx-x86_64 0.9-0 ERROR

Check Details

Version: 0.9-0
Check: tests
Result: ERROR
     Running ‘tests.R’ [8s/8s]
    Running the tests in ‘tests/tests.R’ failed.
    Last 13 lines of output:
     500L, integer(0), 501L, integer(0), integer(0))), class = "network"), list("disease",
     levels2 = c(1, 3)), role = "target")
     11: check.ErgmTerm(nw, arglist, varnames = c("attrname", "base", "b1levels", "b2levels"),
     vartypes = c("character", "numeric", "character,numeric,logical", "character,numeric,logical"),
     defaultvalues = list(NULL, NULL, NULL, NULL), required = c(TRUE, FALSE, FALSE,
     FALSE))
     12: ergm_Init_abort("Model term does not recognize ", sQuote(name), " argument.")
     13: abort(paste0("In ", NVL(loc, default.loc, "unknown function"), ": ", ...))
    
     ══ testthat results ═══════════════════════════════════════════════════════════
     OK: 24 SKIPPED: 0 WARNINGS: 0 FAILED: 1
     1. Error: rds-MA (@test-estimators.R#31)
    
     Error: testthat unit tests failed
     Execution halted
Flavor: r-oldrel-osx-x86_64