CRAN Package Check Results for Package Rcan

Last updated on 2019-07-16 07:51:00 CEST.

Flavor Version Tinstall Tcheck Ttotal Status Flags
r-devel-linux-x86_64-debian-clang 1.3.72 5.58 125.38 130.96 OK
r-devel-linux-x86_64-debian-gcc 1.3.72 4.82 122.54 127.36 OK
r-devel-linux-x86_64-fedora-clang 1.3.72 121.95 NOTE
r-devel-linux-x86_64-fedora-gcc 1.3.72 118.14 NOTE
r-devel-windows-ix86+x86_64 1.3.72 19.00 127.00 146.00 OK
r-patched-linux-x86_64 1.3.72 5.50 115.77 121.27 OK
r-patched-solaris-x86 1.3.72 157.80 NOTE
r-release-linux-x86_64 1.3.72 5.57 116.06 121.63 OK
r-release-windows-ix86+x86_64 1.3.72 10.00 147.00 157.00 OK
r-release-osx-x86_64 1.3.72 NOTE
r-oldrel-windows-ix86+x86_64 1.3.72 12.00 87.00 99.00 OK
r-oldrel-osx-x86_64 1.3.72 NOTE

Check Details

Version: 1.3.72
Check: data for non-ASCII characters
Result: NOTE
     Note: found 26334 marked UTF-8 strings
Flavors: r-devel-linux-x86_64-fedora-clang, r-devel-linux-x86_64-fedora-gcc, r-patched-solaris-x86, r-release-osx-x86_64, r-oldrel-osx-x86_64