CRAN Package Check Results for Package ReIns

Last updated on 2021-10-24 19:51:49 CEST.

Flavor Version Tinstall Tcheck Ttotal Status Flags
r-devel-linux-x86_64-debian-clang 1.0.10 65.36 179.19 244.55 OK
r-devel-linux-x86_64-debian-gcc 1.0.10 48.05 132.65 180.70 OK
r-devel-linux-x86_64-fedora-clang 1.0.10 332.70 OK
r-devel-linux-x86_64-fedora-gcc 1.0.10 305.86 OK
r-devel-windows-x86_64 1.0.10 89.00 256.00 345.00 OK
r-devel-windows-x86_64-gcc10-UCRT 1.0.10 OK
r-patched-linux-x86_64 1.0.10 64.11 174.70 238.81 OK
r-patched-solaris-x86 1.0.10 339.60 OK
r-release-linux-x86_64 1.0.10 59.23 175.51 234.74 OK
r-release-macos-arm64 1.0.10 NOTE
r-release-macos-x86_64 1.0.10 OK
r-release-windows-ix86+x86_64 1.0.10 109.00 347.00 456.00 OK
r-oldrel-macos-x86_64 1.0.10 OK
r-oldrel-windows-ix86+x86_64 1.0.10 158.00 351.00 509.00 OK

Check Details

Version: 1.0.10
Check: package dependencies
Result: NOTE
    Packages suggested but not available for checking: 'interval', 'Icens'
Flavor: r-release-macos-arm64

Version: 1.0.10
Check: Rd cross-references
Result: NOTE
    Package unavailable to check Rd xrefs: ‘interval’
Flavor: r-release-macos-arm64