CRAN Package Check Results for Package Rfast

Last updated on 2019-07-16 07:51:01 CEST.

Flavor Version Tinstall Tcheck Ttotal Status Flags
r-devel-linux-x86_64-debian-clang 1.9.5 979.54 102.45 1081.99 OK
r-devel-linux-x86_64-debian-gcc 1.9.5 815.35 80.20 895.55 OK
r-devel-linux-x86_64-fedora-clang 1.9.5 1718.28 NOTE
r-devel-linux-x86_64-fedora-gcc 1.9.5 1696.98 OK
r-devel-windows-ix86+x86_64 1.9.5 2194.00 238.00 2432.00 NOTE
r-patched-linux-x86_64 1.9.5 940.52 103.54 1044.06 OK
r-patched-solaris-x86 1.9.5 1488.40 NOTE
r-release-linux-x86_64 1.9.5 967.36 104.11 1071.47 OK
r-release-windows-ix86+x86_64 1.9.4 2088.00 254.00 2342.00 NOTE
r-release-osx-x86_64 1.9.5 NOTE
r-oldrel-windows-ix86+x86_64 1.9.5 1627.00 151.00 1778.00 NOTE
r-oldrel-osx-x86_64 1.9.5 NOTE

Additional issues

rchk valgrind

Check Details

Version: 1.9.5
Check: installed package size
Result: NOTE
     installed size is 47.3Mb
     sub-directories of 1Mb or more:
     libs 46.0Mb
Flavors: r-devel-linux-x86_64-fedora-clang, r-devel-windows-ix86+x86_64, r-patched-solaris-x86, r-release-osx-x86_64, r-oldrel-windows-ix86+x86_64, r-oldrel-osx-x86_64

Version: 1.9.4
Check: installed package size
Result: NOTE
     installed size is 8.8Mb
     sub-directories of 1Mb or more:
     libs 7.6Mb
Flavor: r-release-windows-ix86+x86_64