CRAN Package Check Results for Package Rfast

Last updated on 2018-12-18 07:48:42 CET.

Flavor Version Tinstall Tcheck Ttotal Status Flags
r-devel-linux-x86_64-debian-clang 1.9.2 999.54 108.89 1108.43 OK
r-devel-linux-x86_64-debian-gcc 1.9.2 893.39 94.75 988.14 OK
r-devel-linux-x86_64-fedora-clang 1.9.2 1729.17 NOTE
r-devel-linux-x86_64-fedora-gcc 1.9.2 1589.75 OK
r-devel-windows-ix86+x86_64 1.9.2 2724.00 239.00 2963.00 NOTE
r-patched-linux-x86_64 1.9.2 1091.98 108.48 1200.46 OK
r-patched-solaris-x86 1.9.2 1368.20 NOTE
r-release-linux-x86_64 1.9.2 1096.16 108.55 1204.71 OK
r-release-windows-ix86+x86_64 1.9.2 2251.00 222.00 2473.00 NOTE
r-release-osx-x86_64 1.9.2 NOTE
r-oldrel-windows-ix86+x86_64 1.9.1 23.00 6.00 29.00 ERROR
r-oldrel-osx-x86_64 1.9.2 ERROR

Additional issues

clang-UBSAN rchk valgrind

Check Details

Version: 1.9.2
Check: installed package size
Result: NOTE
     installed size is 49.4Mb
     sub-directories of 1Mb or more:
     libs 48.1Mb
Flavors: r-devel-linux-x86_64-fedora-clang, r-devel-windows-ix86+x86_64, r-patched-solaris-x86, r-release-windows-ix86+x86_64, r-release-osx-x86_64

Version: 1.9.1
Check: whether package can be installed
Result: ERROR
    Installation failed.
Flavor: r-oldrel-windows-ix86+x86_64

Version: 1.9.2
Check: whether package can be installed
Result: ERROR
    Installation failed.
Flavor: r-oldrel-osx-x86_64