CRAN Package Check Results for Package Rfit

Last updated on 2019-07-16 07:51:01 CEST.

Flavor Version Tinstall Tcheck Ttotal Status Flags
r-devel-linux-x86_64-debian-clang 0.23.0 4.10 27.50 31.60 OK
r-devel-linux-x86_64-debian-gcc 0.23.0 3.27 22.44 25.71 OK
r-devel-linux-x86_64-fedora-clang 0.23.0 37.37 NOTE
r-devel-linux-x86_64-fedora-gcc 0.23.0 36.45 NOTE
r-devel-windows-ix86+x86_64 0.23.0 16.00 51.00 67.00 OK
r-patched-linux-x86_64 0.23.0 4.03 27.50 31.53 OK
r-patched-solaris-x86 0.23.0 58.20 OK
r-release-linux-x86_64 0.23.0 4.05 27.51 31.56 OK
r-release-windows-ix86+x86_64 0.23.0 11.00 78.00 89.00 OK
r-release-osx-x86_64 0.23.0 OK
r-oldrel-windows-ix86+x86_64 0.23.0 14.00 50.00 64.00 OK
r-oldrel-osx-x86_64 0.23.0 OK

Check Details

Version: 0.23.0
Check: compiled code
Result: NOTE
    File ‘Rfit/libs/Rfit.so’:
     Found no calls to: ‘R_registerRoutines’, ‘R_useDynamicSymbols’
    
    It is good practice to register native routines and to disable symbol
    search.
    
    See ‘Writing portable packages’ in the ‘Writing R Extensions’ manual.
Flavors: r-devel-linux-x86_64-fedora-clang, r-devel-linux-x86_64-fedora-gcc